{"id":59313,"date":"2025-12-21T11:52:30","date_gmt":"2025-12-21T11:52:30","guid":{"rendered":"https:\/\/senabel.com\/?post_type=product&#038;p=59313"},"modified":"2026-01-26T10:45:15","modified_gmt":"2026-01-26T10:45:15","slug":"natif","status":"publish","type":"product","link":"https:\/\/senabel.com\/sv\/product\/natif\/","title":{"rendered":"Nattaf - 250g"},"content":{"rendered":"<p data-start=\"123\" data-end=\"239\">En l\u00e4tt och luftig nasaf, som k\u00e4nnetecknas av sin mjukhet och balanserade s\u00f6tma, l\u00e4mplig att servera till kaffe eller som en l\u00e4tt dessert efter m\u00e5ltider.<\/p>\n<p data-start=\"241\" data-end=\"384\">- Smidig och l\u00e4tt konsistens som sm\u00e4lter i munnen<br data-start=\"271\" data-end=\"274\" \/>- Milt s\u00f6t, diskret smak<br data-start=\"298\" data-end=\"301\" \/>- L\u00e4mplig att servera till kaffe eller te<br data-start=\"335\" data-end=\"338\" \/>- Ett popul\u00e4rt val f\u00f6r l\u00e4tta desserter och vardagsservering<\/p>\n<p data-start=\"386\" data-end=\"403\"><strong data-start=\"386\" data-end=\"403\">Produktinformation<\/strong><\/p>\n<p data-start=\"405\" data-end=\"488\">- Typ av tj\u00e4nst Blotter<br data-start=\"430\" data-end=\"433\" \/>- Textur: L\u00e4tt och luftig<br data-start=\"454\" data-end=\"457\" \/>- F\u00f6rpackning: F\u00f6rseglad l\u00e5da<\/p>\n<p data-start=\"490\" data-end=\"499\"><strong data-start=\"490\" data-end=\"499\">Vikt<\/strong><\/p>\n<p data-start=\"501\" data-end=\"513\">- 250 gram<\/p>\n<p data-start=\"515\" data-end=\"530\"><strong data-start=\"515\" data-end=\"530\">Hur du sparar<\/strong><\/p>\n<p data-start=\"532\" data-end=\"612\">- F\u00f6rvaras p\u00e5 en sval och torr plats<br data-start=\"557\" data-end=\"560\" \/>- F\u00f6rslut v\u00e4l efter \u00f6ppnandet f\u00f6r att bevara konsistens och m\u00f6rhet<\/p>","protected":false},"excerpt":{"rendered":"<p>En l\u00e4tt och luftig nasaf, som k\u00e4nnetecknas av sin mjukhet och balanserade s\u00f6tma, l\u00e4mplig att servera till kaffe med desserter eller som en l\u00e4tt dessert efter en m\u00e5ltid.<\/p>","protected":false},"featured_media":59314,"template":"","meta":[],"product_brand":[],"product_cat":[349,220,304],"product_tag":[],"class_list":{"0":"post-59313","1":"product","2":"type-product","3":"status-publish","4":"has-post-thumbnail","6":"product_cat-349","7":"product_cat-220","8":"product_cat-304","10":"first","11":"outofstock","12":"taxable","13":"shipping-taxable","14":"purchasable","15":"product-type-simple"},"_links":{"self":[{"href":"https:\/\/senabel.com\/sv\/wp-json\/wp\/v2\/product\/59313","targetHints":{"allow":["GET"]}}],"collection":[{"href":"https:\/\/senabel.com\/sv\/wp-json\/wp\/v2\/product"}],"about":[{"href":"https:\/\/senabel.com\/sv\/wp-json\/wp\/v2\/types\/product"}],"version-history":[{"count":1,"href":"https:\/\/senabel.com\/sv\/wp-json\/wp\/v2\/product\/59313\/revisions"}],"predecessor-version":[{"id":59315,"href":"https:\/\/senabel.com\/sv\/wp-json\/wp\/v2\/product\/59313\/revisions\/59315"}],"wp:featuredmedia":[{"embeddable":true,"href":"https:\/\/senabel.com\/sv\/wp-json\/wp\/v2\/media\/59314"}],"wp:attachment":[{"href":"https:\/\/senabel.com\/sv\/wp-json\/wp\/v2\/media?parent=59313"}],"wp:term":[{"taxonomy":"product_brand","embeddable":true,"href":"https:\/\/senabel.com\/sv\/wp-json\/wp\/v2\/product_brand?post=59313"},{"taxonomy":"product_cat","embeddable":true,"href":"https:\/\/senabel.com\/sv\/wp-json\/wp\/v2\/product_cat?post=59313"},{"taxonomy":"product_tag","embeddable":true,"href":"https:\/\/senabel.com\/sv\/wp-json\/wp\/v2\/product_tag?post=59313"}],"curies":[{"name":"wp","href":"https:\/\/api.w.org\/{rel}","templated":true}]}}

<p data-start="123" data-end="239">En lätt och luftig nasaf, som kännetecknas av sin mjukhet och balanserade sötma, lämplig att servera till kaffe eller som en lätt dessert efter måltider.</p>
<p data-start="241" data-end="384">- Smidig och lätt konsistens som smälter i munnen<br data-start="271" data-end="274" />- Milt söt, diskret smak<br data-start="298" data-end="301" />- Lämplig att servera till kaffe eller te<br data-start="335" data-end="338" />- Ett populärt val för lätta desserter och vardagsservering</p>
<p data-start="386" data-end="403"><strong data-start="386" data-end="403">Produktinformation</strong></p>
<p data-start="405" data-end="488">- Typ av tjänst Blotter<br data-start="430" data-end="433" />- Textur: Lätt och luftig<br data-start="454" data-end="457" />- Förpackning: Förseglad låda</p>
<p data-start="490" data-end="499"><strong data-start="490" data-end="499">Vikt</strong></p>
<p data-start="501" data-end="513">- 250 gram</p>
<p data-start="515" data-end="530"><strong data-start="515" data-end="530">Hur du sparar</strong></p>
<p data-start="532" data-end="612">- Förvaras på en sval och torr plats<br data-start="557" data-end="560" />- Förslut väl efter öppnandet för att bevara konsistens och mörhet</p>

<p>En lätt och luftig nasaf, som kännetecknas av sin mjukhet och balanserade sötma, lämplig att servera till kaffe med desserter eller som en lätt dessert efter en måltid.</p>
