{"id":54047,"date":"2025-07-24T11:49:07","date_gmt":"2025-07-24T11:49:07","guid":{"rendered":"https:\/\/senabel.com\/?post_type=product&#038;p=54047"},"modified":"2026-01-29T14:39:10","modified_gmt":"2026-01-29T14:39:10","slug":"baby-shower-presentlada-for-flickor-vaska","status":"publish","type":"product","link":"https:\/\/senabel.com\/sv\/product\/baby-shower-favor-box-for-girls-bag\/","title":{"rendered":"F\u00f6delsekit f\u00f6r flicka - V\u00e4ska"},"content":{"rendered":"<p data-start=\"37\" data-end=\"96\"><strong data-start=\"37\" data-end=\"96\">F\u00f6delsekit f\u00f6r flicka - rosa Karo Bag-design<\/strong><\/p>\n<p data-start=\"98\" data-end=\"287\">S\u00f6t liten reseburk, inslagen i rosa Karo-tyg och dekorerad med en etikett av en liten flicka med bj\u00f6rnhatt, med ett silverband f\u00f6r en feminin touch. L\u00e4mplig f\u00f6r f\u00f6delsedagsfavoriter och speciella tillf\u00e4llen f\u00f6r nyf\u00f6dda.<\/p>\n<p data-start=\"289\" data-end=\"307\"><strong data-start=\"289\" data-end=\"307\">Funktioner i fodralet:<\/strong><\/p>\n<ul data-start=\"309\" data-end=\"455\">\n<li data-start=\"309\" data-end=\"340\">\n<p data-start=\"311\" data-end=\"340\">En unik v\u00e4skdesign som drar blickarna till sig<\/p>\n<\/li>\n<li data-start=\"341\" data-end=\"369\">\n<p data-start=\"343\" data-end=\"369\">Elegant Karo-tyg med mjuk touch<\/p>\n<\/li>\n<li data-start=\"370\" data-end=\"410\">\n<p data-start=\"372\" data-end=\"410\">S\u00f6t babyflicka affischdekoration f\u00f6r tillf\u00e4llet<\/p>\n<\/li>\n<li data-start=\"411\" data-end=\"455\">\n<p data-start=\"413\" data-end=\"455\">Idealisk f\u00f6r f\u00f6rvaring av choklad, godis eller sm\u00e5 godisbitar<\/p>\n<\/li>\n<\/ul>\n<p data-start=\"457\" data-end=\"475\"><strong data-start=\"457\" data-end=\"475\">Produktinformation:<\/strong><\/p>\n<ul data-start=\"477\" data-end=\"580\">\n<li data-start=\"477\" data-end=\"490\">\n<p data-start=\"479\" data-end=\"490\">F\u00e4rgen: Rosa<\/p>\n<\/li>\n<li data-start=\"491\" data-end=\"519\">\n<p data-start=\"493\" data-end=\"519\">Form: Liten v\u00e4ska med b\u00e4rhandtag<\/p>\n<\/li>\n<li data-start=\"551\" data-end=\"580\">\n<p data-start=\"553\" data-end=\"580\">Kategori: F\u00f6delseformer - Flickor<\/p>\n<\/li>\n<\/ul>\n<p data-start=\"582\" data-end=\"657\"><strong data-start=\"582\" data-end=\"594\">M\u00e5tt:<\/strong><\/p>\n<p data-start=\"582\" data-end=\"657\">5*3*6 cm<\/p>","protected":false},"excerpt":{"rendered":"<p>S\u00f6t liten reseburk, inslagen i rosa Karo-tyg och dekorerad med en etikett av en liten flicka med bj\u00f6rnhatt, med ett silverband f\u00f6r en feminin touch. L\u00e4mplig f\u00f6r f\u00f6delsedagsfavoriter och speciella tillf\u00e4llen f\u00f6r nyf\u00f6dda.<\/p>","protected":false},"featured_media":54048,"template":"","meta":[],"product_brand":[],"product_cat":[444,347,446],"product_tag":[],"class_list":{"0":"post-54047","1":"product","2":"type-product","3":"status-publish","4":"has-post-thumbnail","6":"product_cat-444","7":"product_cat-347","8":"product_cat-446","10":"first","11":"outofstock","12":"taxable","13":"shipping-taxable","14":"purchasable","15":"product-type-simple"},"_links":{"self":[{"href":"https:\/\/senabel.com\/sv\/wp-json\/wp\/v2\/product\/54047","targetHints":{"allow":["GET"]}}],"collection":[{"href":"https:\/\/senabel.com\/sv\/wp-json\/wp\/v2\/product"}],"about":[{"href":"https:\/\/senabel.com\/sv\/wp-json\/wp\/v2\/types\/product"}],"version-history":[{"count":4,"href":"https:\/\/senabel.com\/sv\/wp-json\/wp\/v2\/product\/54047\/revisions"}],"predecessor-version":[{"id":54125,"href":"https:\/\/senabel.com\/sv\/wp-json\/wp\/v2\/product\/54047\/revisions\/54125"}],"wp:featuredmedia":[{"embeddable":true,"href":"https:\/\/senabel.com\/sv\/wp-json\/wp\/v2\/media\/54048"}],"wp:attachment":[{"href":"https:\/\/senabel.com\/sv\/wp-json\/wp\/v2\/media?parent=54047"}],"wp:term":[{"taxonomy":"product_brand","embeddable":true,"href":"https:\/\/senabel.com\/sv\/wp-json\/wp\/v2\/product_brand?post=54047"},{"taxonomy":"product_cat","embeddable":true,"href":"https:\/\/senabel.com\/sv\/wp-json\/wp\/v2\/product_cat?post=54047"},{"taxonomy":"product_tag","embeddable":true,"href":"https:\/\/senabel.com\/sv\/wp-json\/wp\/v2\/product_tag?post=54047"}],"curies":[{"name":"wp","href":"https:\/\/api.w.org\/{rel}","templated":true}]}}

Födelsekit för flicka - Väska

<p data-start="37" data-end="96"><strong data-start="37" data-end="96">Födelsekit för flicka - rosa Karo Bag-design</strong></p>
<p data-start="98" data-end="287">Söt liten reseburk, inslagen i rosa Karo-tyg och dekorerad med en etikett av en liten flicka med björnhatt, med ett silverband för en feminin touch. Lämplig för födelsedagsfavoriter och speciella tillfällen för nyfödda.</p>
<p data-start="289" data-end="307"><strong data-start="289" data-end="307">Funktioner i fodralet:</strong></p>
<ul data-start="309" data-end="455">
<li data-start="309" data-end="340">
<p data-start="311" data-end="340">En unik väskdesign som drar blickarna till sig</p>
</li>
<li data-start="341" data-end="369">
<p data-start="343" data-end="369">Elegant Karo-tyg med mjuk touch</p>
</li>
<li data-start="370" data-end="410">
<p data-start="372" data-end="410">Söt babyflicka affischdekoration för tillfället</p>
</li>
<li data-start="411" data-end="455">
<p data-start="413" data-end="455">Idealisk för förvaring av choklad, godis eller små godisbitar</p>
</li>
</ul>
<p data-start="457" data-end="475"><strong data-start="457" data-end="475">Produktinformation:</strong></p>
<ul data-start="477" data-end="580">
<li data-start="477" data-end="490">
<p data-start="479" data-end="490">Färgen: Rosa</p>
</li>
<li data-start="491" data-end="519">
<p data-start="493" data-end="519">Form: Liten väska med bärhandtag</p>
</li>
<li data-start="551" data-end="580">
<p data-start="553" data-end="580">Kategori: Födelseformer - Flickor</p>
</li>
</ul>
<p data-start="582" data-end="657"><strong data-start="582" data-end="594">Mått:</strong></p>
<p data-start="582" data-end="657">5*3*6 cm</p>

<p>Söt liten reseburk, inslagen i rosa Karo-tyg och dekorerad med en etikett av en liten flicka med björnhatt, med ett silverband för en feminin touch. Lämplig för födelsedagsfavoriter och speciella tillfällen för nyfödda.</p>
