{"id":47007,"date":"2025-02-09T14:52:40","date_gmt":"2025-02-09T14:52:40","guid":{"rendered":"https:\/\/senabel.com\/?post_type=product&#038;p=47007"},"modified":"2025-07-08T16:19:02","modified_gmt":"2025-07-08T16:19:02","slug":"vart-mjolkberikade-mjolkpulver","status":"publish","type":"product","link":"https:\/\/senabel.com\/sv\/product\/%d8%ad%d9%84%d9%8a%d8%a8%d9%86%d8%a7-%d8%a7%d9%84%d8%ad%d9%84%d9%8a%d8%a8-%d8%a7%d9%84%d9%85%d8%ac%d9%81%d9%81-%d8%a7%d9%84%d9%85%d8%af%d8%b9%d9%85\/","title":{"rendered":"Our Milk Berikat mj\u00f6lkpulver 350g"},"content":{"rendered":"<p>Njut av den n\u00e4rande smaken av naturlig mj\u00f6lk med <strong>V\u00e5r mj\u00f6lk<\/strong>Helmj\u00f6lkspulver \u00e4r berikat med viktiga vitaminer och mineraler f\u00f6r att st\u00f6dja din och din familjs h\u00e4lsa.<\/p>\n<h3><strong>Varf\u00f6r v\u00e4lja v\u00e5r mj\u00f6lk?<\/strong><\/h3>\n<p>\u2714 <strong>Berikad med vitamin A och D<\/strong> - F\u00f6r att st\u00f6dja ben- och immunh\u00e4lsa.<br \/>\n\u2714 <strong>En naturlig k\u00e4lla till protein<\/strong> - F\u00f6r att bygga upp din kropp och h\u00e5lla dig energisk.<br \/>\n\u2714 <strong>Rik p\u00e5 kalcium<\/strong> - F\u00f6r att fr\u00e4mja ett friskt skelett och friska t\u00e4nder.<\/p>\n<h3><strong>Produktinformation:<\/strong><\/h3>\n<ul>\n<li><strong>Ingredienser:<\/strong> Helmj\u00f6lkspulver, berikat med vitamin A och D.<\/li>\n<li><strong>Vikt:<\/strong> 350 gram.<\/li>\n<li><strong>Anv\u00e4nds:<\/strong> L\u00e4mplig f\u00f6r varma och kalla drycker, matlagning och desserter.<\/li>\n<\/ul>\n<h3><strong>Metoden f\u00f6r beredning:<\/strong><\/h3>\n<p>F\u00f6r att g\u00f6ra en kopp, tills\u00e4tt tv\u00e5 matskedar <strong>V\u00e5r mj\u00f6lk<\/strong> Tills\u00e4tt ett glas varmt eller kallt vatten, r\u00f6r om v\u00e4l och njut av smaken av f\u00e4rsk mj\u00f6lk!<\/p>\n<h3><strong>Instruktioner f\u00f6r memorering:<\/strong><\/h3>\n<p>sparad i <strong>Sval, torr plats<\/strong> F\u00f6rvaras skyddat fr\u00e5n fukt och solljus f\u00f6r att bibeh\u00e5lla f\u00e4rskhet och kvalitet.<\/p>\n<p>\ud83e\udd5b <strong>Njut av den rika och n\u00e4ringsrika smaken av mj\u00f6lk med v\u00e5r mj\u00f6lk - ett h\u00e4lsosamt val f\u00f6r hela familjen<\/strong><\/p>","protected":false},"excerpt":{"rendered":"<p>Njut av den n\u00e4rande smaken av naturlig mj\u00f6lk med <strong>V\u00e5r mj\u00f6lk<\/strong>Helmj\u00f6lkspulver \u00e4r berikat med viktiga vitaminer och mineraler f\u00f6r att st\u00f6dja din och din familjs h\u00e4lsa.<\/p>","protected":false},"featured_media":47008,"template":"","meta":[],"product_brand":[],"product_cat":[349,227,347],"product_tag":[],"class_list":{"0":"post-47007","1":"product","2":"type-product","3":"status-publish","4":"has-post-thumbnail","6":"product_cat-349","7":"product_cat-227","8":"product_cat-347","10":"first","11":"outofstock","12":"sale","13":"taxable","14":"shipping-taxable","15":"purchasable","16":"product-type-simple"},"_links":{"self":[{"href":"https:\/\/senabel.com\/sv\/wp-json\/wp\/v2\/product\/47007","targetHints":{"allow":["GET"]}}],"collection":[{"href":"https:\/\/senabel.com\/sv\/wp-json\/wp\/v2\/product"}],"about":[{"href":"https:\/\/senabel.com\/sv\/wp-json\/wp\/v2\/types\/product"}],"version-history":[{"count":3,"href":"https:\/\/senabel.com\/sv\/wp-json\/wp\/v2\/product\/47007\/revisions"}],"predecessor-version":[{"id":47149,"href":"https:\/\/senabel.com\/sv\/wp-json\/wp\/v2\/product\/47007\/revisions\/47149"}],"wp:featuredmedia":[{"embeddable":true,"href":"https:\/\/senabel.com\/sv\/wp-json\/wp\/v2\/media\/47008"}],"wp:attachment":[{"href":"https:\/\/senabel.com\/sv\/wp-json\/wp\/v2\/media?parent=47007"}],"wp:term":[{"taxonomy":"product_brand","embeddable":true,"href":"https:\/\/senabel.com\/sv\/wp-json\/wp\/v2\/product_brand?post=47007"},{"taxonomy":"product_cat","embeddable":true,"href":"https:\/\/senabel.com\/sv\/wp-json\/wp\/v2\/product_cat?post=47007"},{"taxonomy":"product_tag","embeddable":true,"href":"https:\/\/senabel.com\/sv\/wp-json\/wp\/v2\/product_tag?post=47007"}],"curies":[{"name":"wp","href":"https:\/\/api.w.org\/{rel}","templated":true}]}}

Our Milk Berikat mjölkpulver 350g

<p>Njut av den närande smaken av naturlig mjölk med <strong>Vår mjölk</strong>Helmjölkspulver är berikat med viktiga vitaminer och mineraler för att stödja din och din familjs hälsa.</p>
<h3><strong>Varför välja vår mjölk?</strong></h3>
<p>✔ <strong>Berikad med vitamin A och D</strong> - För att stödja ben- och immunhälsa.<br />
✔ <strong>En naturlig källa till protein</strong> - För att bygga upp din kropp och hålla dig energisk.<br />
✔ <strong>Rik på kalcium</strong> - För att främja ett friskt skelett och friska tänder.</p>
<h3><strong>Produktinformation:</strong></h3>
<ul>
<li><strong>Ingredienser:</strong> Helmjölkspulver, berikat med vitamin A och D.</li>
<li><strong>Vikt:</strong> 350 gram.</li>
<li><strong>Används:</strong> Lämplig för varma och kalla drycker, matlagning och desserter.</li>
</ul>
<h3><strong>Metoden för beredning:</strong></h3>
<p>För att göra en kopp, tillsätt två matskedar <strong>Vår mjölk</strong> Tillsätt ett glas varmt eller kallt vatten, rör om väl och njut av smaken av färsk mjölk!</p>
<h3><strong>Instruktioner för memorering:</strong></h3>
<p>sparad i <strong>Sval, torr plats</strong> Förvaras skyddat från fukt och solljus för att bibehålla färskhet och kvalitet.</p>
<p>🥛 <strong>Njut av den rika och näringsrika smaken av mjölk med vår mjölk - ett hälsosamt val för hela familjen</strong></p>

<p>Njut av den närande smaken av naturlig mjölk med <strong>Vår mjölk</strong>Helmjölkspulver är berikat med viktiga vitaminer och mineraler för att stödja din och din familjs hälsa.</p>
