{"id":39750,"date":"2024-11-20T19:46:22","date_gmt":"2024-11-20T19:46:22","guid":{"rendered":"https:\/\/senabel.com\/?post_type=product&#038;p=39750"},"modified":"2025-06-13T10:20:18","modified_gmt":"2025-06-13T10:20:18","slug":"%d8%b5%d9%86%d8%af%d9%88%d9%82-%d8%a7%d9%84%d9%85%d8%b5%d8%ad%d9%81-%d8%af%d8%a7%d8%ae%d9%84-%d8%b3%d8%aa%d8%a7%d9%86%d8%af-%d8%ae%d8%b4%d8%a8%d9%8a-%d9%85%d8%b2%d8%ae%d8%b1%d9%81-%d8%a8%d8%a7%d9%84","status":"publish","type":"product","link":"https:\/\/senabel.com\/sv\/product\/%d8%b5%d9%86%d8%af%d9%88%d9%82-%d8%a7%d9%84%d9%85%d8%b5%d8%ad%d9%81-%d8%af%d8%a7%d8%ae%d9%84-%d8%b3%d8%aa%d8%a7%d9%86%d8%af-%d8%ae%d8%b4%d8%a8%d9%8a-%d9%85%d8%b2%d8%ae%d8%b1%d9%81-%d8%a8%d8%a7%d9%84\/","title":{"rendered":"Koranl\u00e5da i ett koppardekorerat tr\u00e4st\u00e4ll - liten storlek"},"content":{"rendered":"<p>Njut av klassisk elegans med koranl\u00e5dan i ett m\u00e4ssingsdekorerat tr\u00e4st\u00e4ll, tillr\u00e4ckligt litet f\u00f6r att passa i alla utrymmen, omsorgsfullt tillverkat av naturligt tr\u00e4 och utrustat med ett sammetsfoder f\u00f6r att skydda den heliga koranen.<\/p>\n<p>Koranl\u00e5dan levereras i ett lyxigt tr\u00e4st\u00e4ll som \u00e4r litet i storlek och \u00e5terspeglar sk\u00f6nheten i traditionell design med en modern twist, vilket g\u00f6r den till ett perfekt komplement till varje h\u00f6rn eller hylla i hemmet. Koranl\u00e5dan \u00e4r tillverkad av h\u00e5llbart naturligt tr\u00e4 och dekorerad med noggrant graverade m\u00e4ssingsdetaljer och \u00e4r ett lyxigt och autentiskt komplement till alla h\u00f6rn eller hyllor i ditt hem. Insidan har ett mjukt sammetsfoder som \u00e4r speciellt utformat f\u00f6r att skydda Koranen och ge den en extra niv\u00e5 av sofistikering.<\/p>\n<p><strong>De material som anv\u00e4nds:<\/strong> Naturligt tr\u00e4 av h\u00f6g kvalitet, m\u00e4ssingsdetaljer, sammetsfoder, metall\u00e5s.<br \/>\n<strong>Inredningsdesignen:<\/strong> Mjukt velourfoder h\u00e5ller Koranen trygg och s\u00e4ker.<br \/>\n<strong>Detaljerna:<\/strong> Omsorgsfullt graverade sniderier och motiv ger en konstn\u00e4rlig k\u00e4nsla.<\/p>\n<h3>Funktioner i koranl\u00e5dan inuti stativet:<\/h3>\n<p><strong>Lyxig och traditionell design:<\/strong> Raffinerade m\u00e4ssingsornament som \u00e5terspeglar traditionell sk\u00f6nhet.<br \/>\n<strong>\u00d6verl\u00e4gset skydd:<\/strong> Velourfoder och metall\u00e5s f\u00f6r att h\u00e5lla Koranen s\u00e4ker och trygg.<br \/>\n<strong>Ett distinkt dekorativt element:<\/strong> Hyllorna passar in i h\u00f6rnen av ett vardagsrum eller en b\u00f6neh\u00f6rna och f\u00f6rh\u00f6jer rummets sk\u00f6nhet.<br \/>\n<strong>En lyxig present:<\/strong> Perfekt som en g\u00e5va som uttrycker uppskattning och understryker affektionsv\u00e4rdet.<\/p>\n<p><span style=\"color: #008000;\"><strong>Sk\u00f6tselr\u00e5d:<\/strong><\/span><br \/>\nF\u00f6r att beh\u00e5lla sin sk\u00f6nhet \u00e4r det b\u00e4st att reng\u00f6ra l\u00e5dan med en mjuk trasa och undvika att uts\u00e4tta den f\u00f6r fukt.<\/p>\n<p>Best\u00e4ll detta konstverk nu via v\u00e5r webbplats<br \/>\nV\u00e4lj r\u00e4tt storlek f\u00f6r att passa ditt utrymme och f\u00f6rkroppsliga din smak och ditt arv.<\/p>","protected":false},"excerpt":{"rendered":"<p>Njut av klassisk elegans med koranl\u00e5dan i ett m\u00e4ssingsdekorerat tr\u00e4st\u00e4ll, tillr\u00e4ckligt litet f\u00f6r att passa i alla utrymmen, omsorgsfullt tillverkat av naturligt tr\u00e4 och utrustat med ett sammetsfoder f\u00f6r att skydda den heliga koranen.<\/p>\n<p><strong>M\u00e5tt:<\/strong> 8*25*30cm<\/p>","protected":false},"featured_media":39861,"template":"","meta":[],"product_brand":[],"product_cat":[305,227,303],"product_tag":[],"class_list":["post-39750","product","type-product","status-publish","has-post-thumbnail","product_cat-305","product_cat-227","product_cat-303","first","outofstock","sale","taxable","shipping-taxable","purchasable","product-type-simple"],"_links":{"self":[{"href":"https:\/\/senabel.com\/sv\/wp-json\/wp\/v2\/product\/39750","targetHints":{"allow":["GET"]}}],"collection":[{"href":"https:\/\/senabel.com\/sv\/wp-json\/wp\/v2\/product"}],"about":[{"href":"https:\/\/senabel.com\/sv\/wp-json\/wp\/v2\/types\/product"}],"version-history":[{"count":1,"href":"https:\/\/senabel.com\/sv\/wp-json\/wp\/v2\/product\/39750\/revisions"}],"predecessor-version":[{"id":39862,"href":"https:\/\/senabel.com\/sv\/wp-json\/wp\/v2\/product\/39750\/revisions\/39862"}],"wp:featuredmedia":[{"embeddable":true,"href":"https:\/\/senabel.com\/sv\/wp-json\/wp\/v2\/media\/39861"}],"wp:attachment":[{"href":"https:\/\/senabel.com\/sv\/wp-json\/wp\/v2\/media?parent=39750"}],"wp:term":[{"taxonomy":"product_brand","embeddable":true,"href":"https:\/\/senabel.com\/sv\/wp-json\/wp\/v2\/product_brand?post=39750"},{"taxonomy":"product_cat","embeddable":true,"href":"https:\/\/senabel.com\/sv\/wp-json\/wp\/v2\/product_cat?post=39750"},{"taxonomy":"product_tag","embeddable":true,"href":"https:\/\/senabel.com\/sv\/wp-json\/wp\/v2\/product_tag?post=39750"}],"curies":[{"name":"wp","href":"https:\/\/api.w.org\/{rel}","templated":true}]}}

Koranlåda i ett koppardekorerat träställ - liten storlek

<p>Njut av klassisk elegans med koranlådan i ett mässingsdekorerat träställ, tillräckligt litet för att passa i alla utrymmen, omsorgsfullt tillverkat av naturligt trä och utrustat med ett sammetsfoder för att skydda den heliga koranen.</p>
<p>Koranlådan levereras i ett lyxigt träställ som är litet i storlek och återspeglar skönheten i traditionell design med en modern twist, vilket gör den till ett perfekt komplement till varje hörn eller hylla i hemmet. Koranlådan är tillverkad av hållbart naturligt trä och dekorerad med noggrant graverade mässingsdetaljer och är ett lyxigt och autentiskt komplement till alla hörn eller hyllor i ditt hem. Insidan har ett mjukt sammetsfoder som är speciellt utformat för att skydda Koranen och ge den en extra nivå av sofistikering.</p>
<p><strong>De material som används:</strong> Naturligt trä av hög kvalitet, mässingsdetaljer, sammetsfoder, metallås.<br />
<strong>Inredningsdesignen:</strong> Mjukt velourfoder håller Koranen trygg och säker.<br />
<strong>Detaljerna:</strong> Omsorgsfullt graverade sniderier och motiv ger en konstnärlig känsla.</p>
<h3>Funktioner i koranlådan inuti stativet:</h3>
<p><strong>Lyxig och traditionell design:</strong> Raffinerade mässingsornament som återspeglar traditionell skönhet.<br />
<strong>Överlägset skydd:</strong> Velourfoder och metallås för att hålla Koranen säker och trygg.<br />
<strong>Ett distinkt dekorativt element:</strong> Hyllorna passar in i hörnen av ett vardagsrum eller en bönehörna och förhöjer rummets skönhet.<br />
<strong>En lyxig present:</strong> Perfekt som en gåva som uttrycker uppskattning och understryker affektionsvärdet.</p>
<p><span style="color: #008000;"><strong>Skötselråd:</strong></span><br />
För att behålla sin skönhet är det bäst att rengöra lådan med en mjuk trasa och undvika att utsätta den för fukt.</p>
<p>Beställ detta konstverk nu via vår webbplats<br />
Välj rätt storlek för att passa ditt utrymme och förkroppsliga din smak och ditt arv.</p>

<p>Njut av klassisk elegans med koranlådan i ett mässingsdekorerat träställ, tillräckligt litet för att passa i alla utrymmen, omsorgsfullt tillverkat av naturligt trä och utrustat med ett sammetsfoder för att skydda den heliga koranen.</p>
<p><strong>Mått:</strong> 8*25*30cm</p>
